{"id":205,"date":"2025-11-27T21:49:36","date_gmt":"2025-11-27T21:49:36","guid":{"rendered":"https:\/\/unimescreations.com\/?post_type=product&#038;p=205"},"modified":"2026-02-22T13:14:12","modified_gmt":"2026-02-22T13:14:12","slug":"boucles-doreilles-zahara","status":"publish","type":"product","link":"https:\/\/unimescreations.com\/index.php\/produit\/boucles-doreilles-zahara\/","title":{"rendered":"Boucles d&rsquo;oreilles ZAHARA"},"content":{"rendered":"<p><em>Boucles d&rsquo;oreilles ZAHARA &#8211; un design\u00a0 audacieux qui m\u00eale motif z\u00e9br\u00e9 noir&amp; blanc \u00e0 une touche dor\u00e9e lumineuse, le tout en acier inoxydable.<\/em><\/p>\n<p><strong>Forme:<\/strong> disques<\/p>\n<p><strong>Couleurs :<\/strong> blanc, noir et dor\u00e9<\/p>\n<p><strong>Dimensions :<\/strong> 72mm de longueur ; 50mm de diam\u00e8tre ;\u00a0 30mm de diam\u00e8tre<\/p>\n<p><strong>Attaches<\/strong> : Clous d&rsquo;oreilles avec fermoirs papillon<\/p>\n","protected":false},"excerpt":{"rendered":"<p>Un contraste moderne et audacieux, parfait pour apporter du caract\u00e8re \u00e0 votre style.<\/p>\n<p>Originales, styl\u00e9es, affirm\u00e9es&#8230; votre atout mode.<\/p>\n","protected":false},"featured_media":211,"comment_status":"open","ping_status":"closed","template":"","meta":[],"product_brand":[],"product_cat":[18],"product_tag":[],"class_list":{"0":"post-205","1":"product","2":"type-product","3":"status-publish","4":"has-post-thumbnail","6":"product_cat-boucles-doreilles-acier-inoxydable","8":"first","9":"instock","10":"sold-individually","11":"purchasable","12":"product-type-simple"},"jetpack_sharing_enabled":true,"_links":{"self":[{"href":"https:\/\/unimescreations.com\/index.php\/wp-json\/wp\/v2\/product\/205","targetHints":{"allow":["GET"]}}],"collection":[{"href":"https:\/\/unimescreations.com\/index.php\/wp-json\/wp\/v2\/product"}],"about":[{"href":"https:\/\/unimescreations.com\/index.php\/wp-json\/wp\/v2\/types\/product"}],"replies":[{"embeddable":true,"href":"https:\/\/unimescreations.com\/index.php\/wp-json\/wp\/v2\/comments?post=205"}],"wp:featuredmedia":[{"embeddable":true,"href":"https:\/\/unimescreations.com\/index.php\/wp-json\/wp\/v2\/media\/211"}],"wp:attachment":[{"href":"https:\/\/unimescreations.com\/index.php\/wp-json\/wp\/v2\/media?parent=205"}],"wp:term":[{"taxonomy":"product_brand","embeddable":true,"href":"https:\/\/unimescreations.com\/index.php\/wp-json\/wp\/v2\/product_brand?post=205"},{"taxonomy":"product_cat","embeddable":true,"href":"https:\/\/unimescreations.com\/index.php\/wp-json\/wp\/v2\/product_cat?post=205"},{"taxonomy":"product_tag","embeddable":true,"href":"https:\/\/unimescreations.com\/index.php\/wp-json\/wp\/v2\/product_tag?post=205"}],"curies":[{"name":"wp","href":"https:\/\/api.w.org\/{rel}","templated":true}]}}